198
What is the greatest common divisor of 124465157 and 947?
947
What is the highest common factor of 292 and 717980?
4
Calculate the greatest common factor of 19788 and 5908076.
388
What is the greatest common divisor of 68313077 and 49?
7
What is the greatest common divisor of 71950766 and 238?
34
Calculate the greatest common divisor of 6961815 and 2295.
135
What is the greatest common factor of 1776944 and 5759?
13
Calculate the highest common divisor of 2024704 and 9216.
256
What is the greatest common factor of 398328 and 9?
3
What is the highest common factor of 83481709 and 1510?
151
What is the highest common factor of 93984240 and 903?
903
What is the greatest common factor of 157339140 and 70?
70
Calculate the greatest common divisor of 10 and 1651512370.
10
Calculate the greatest common divisor of 1034930000 and 2470.
2470
What is the greatest common divisor of 166647780 and 324?
324
What is the greatest common divisor of 14564068 and 3544?
1772
What is the greatest common factor of 130 and 462144215?
65
What is the greatest common divisor of 126324 and 164681?
121
Calculate the greatest common factor of 56 and 21275121.
7
What is the greatest common factor of 71 and 53190857?
71
What is the greatest common factor of 593408 and 133834?
122
Calculate the highest common divisor of 1230253 and 90602.
509
Calculate the greatest common factor of 770 and 16063110.
70
Calculate the greatest common divisor of 30646200 and 694200.
7800
What is the highest common divisor of 95 and 60880465?
95
Calculate the highest common divisor of 60278244 and 2028.
2028
Calculate the greatest common divisor of 251327 and 21631.
97
Calculate the greatest common divisor of 92 and 2512842.
46
Calculate the greatest common factor of 68280084 and 706.
706
Calculate the greatest common factor of 6899742 and 2430.
486
What is the greatest common divisor of 589860 and 78822?
522
What is the highest common factor of 365919 and 20688?
1293
What is the highest common divisor of 6 and 45890190?
6
Calculate the highest common factor of 3122 and 16464.
14
What is the greatest common factor of 765 and 424860294?
51
What is the greatest common divisor of 50006 and 11363?
11
Calculate the highest common divisor of 47377 and 2849.
11
What is the highest common divisor of 12779 and 346047?
13
What is the highest common factor of 1128 and 86961891?
141
What is the highest common divisor of 260 and 36064535?
65
What is the greatest common factor of 782 and 482632?
46
Calculate the highest common factor of 750724 and 1066.
26
Calculate the greatest common divisor of 603070358 and 869.
869
Calculate the greatest common divisor of 4101 and 1230.
3
What is the highest common divisor of 113503848 and 48?
24
What is the greatest common divisor of 5611 and 41355785?
181
What is the greatest common factor of 819 and 673036?
91
Calculate the highest common divisor of 250056 and 38778.
138
Calculate the greatest common factor of 205002711 and 1131.
87
What is the highest common divisor of 840 and 5236392?
168
What is the highest common factor of 25139 and 5009219?
1093
Calculate the highest common divisor of 2458585 and 155.
5
What is the greatest common divisor of 76068420 and 744?
372
What is the highest common divisor of 9356 and 420004874?
4678
What is the highest common divisor of 47775777 and 13867?
1981
What is the greatest common divisor of 14898 and 4091602?
382
What is the highest common factor of 1876 and 75296476?
268
What is the greatest common factor of 289536 and 10092?
348
Calculate the highest common divisor of 2956 and 1101692332.
2956
Calculate the highest common factor of 3651057 and 747.
9
Calculate the highest common divisor of 272405600 and 125.
25
What is the greatest common factor of 4 and 8604846?
2
What is the highest common factor of 46515621 and 3417?
3417
Calculate the highest common divisor of 2451654 and 40338.
4482
What is the greatest common factor of 740506 and 4446?
494
Calculate the greatest common divisor of 505 and 377468310.
505
What is the highest common factor of 2343 and 1236891?
213
What is the greatest common factor of 7179055 and 61256?
247
What is the highest common divisor of 22 and 3813612?
22
Calculate the highest common divisor of 38 and 158783.
19
Calculate the highest common factor of 9443 and 21679.
133
Calculate the highest common factor of 7803 and 27830700.
2601
What is the greatest common divisor of 85540 and 618646?
14
Calculate the greatest common divisor of 220692867 and 3.
3
Calculate the greatest common factor of 15985 and 4438409.
139
What is the greatest common factor of 784800 and 3546315?
4905
What is the greatest common divisor of 455 and 31785?
65
What is the highest common divisor of 2337 and 26274891?
2337
Calculate the highest common factor of 43325963 and 5141.
53
Calculate the greatest common divisor of 3514 and 7461477.
251
What is the greatest common factor of 54877586 and 184?
46
What is the highest common factor of 282 and 7500606?
6
What is the highest common factor of 855434 and 2?
2
What is the greatest common divisor of 590 and 202352005?
295
Calculate the greatest common divisor of 671 and 7964.
11
What is the greatest common factor of 249 and 63933323?
83
What is the highest common divisor of 921 and 30870078?
921
Calculate the highest common factor of 275132 and 4076644.
572
Calculate the highest common divisor of 1014 and 1704.
6
Calculate the highest common divisor of 8 and 1103156376.
8
What is the greatest common divisor of 47874 and 31205364?
606
What is the greatest common factor of 55 and 10799481?
11
Calculate the greatest common factor of 17663 and 946271.
17
Calculate the greatest common factor of 4844120 and 64.
8
What is the highest common divisor of 55898 and 180577018?
2942
What is the highest common divisor of 149801335 and 2315?
2315
What is the greatest common factor of 51840 and 16383600?
2160
What is the highest common factor of 2231 and 65184?
97
What is the greatest common factor of 1363 and 655371?
29
What is the greatest common divisor of 534 and 8868939?
267
What is the highest common factor of 1806710 and 675583?
703
What is the greatest common divisor of 1183077 and 768159?
5607
Calculate the greatest common divisor of 115429656 and 1464.
24
Calculate the greatest common divisor of 20040 and 71292.
12
Calculate the highest common divisor of 154857 and 2122674.
3777
What is the highest common factor of 14 and 148711?
1
What is the greatest common divisor of 24866 and 6050?
2
Calculate the highest common factor of 423085 and 5660.
1415
Calculate the highest common factor of 140 and 6642720.
140
What is the greatest common factor of 6392106 and 10864?
1358
Calculate the highest common factor of 2768 and 520736.
16
Calculate the greatest common divisor of 40758551 and 9136.
571
Calculate the greatest common factor of 9683191 and 2.
1
What is the highest common factor of 2267622 and 931?
49
Calculate the greatest common factor of 338806 and 1328.
166
Calculate the greatest common factor of 392579667 and 9.
9
What is the greatest common divisor of 7911 and 2145639?
879
What is the greatest common divisor of 630777537 and 2743?
2743
Calculate the highest common divisor of 1349 and 2530477.
19
What is the greatest common factor of 3907053 and 54?
9
What is the greatest common factor of 43964280 and 720?
360
What is the greatest common divisor of 137942 and 131334?
826
What is the highest common factor of 1373362062 and 6417?
2139
What is the highest common divisor of 434982685 and 1115?
1115
Calculate the greatest common divisor of 6169094 and 2650.
106
What is the highest common factor of 129 and 8544358?
43
Calculate the greatest common factor of 673790828 and 248.
124
Calculate the greatest common factor of 101868174 and 18.
18
Calculate the highest common divisor of 10 and 125832650.
10
Calculate the highest common factor of 621 and 39969.
9
Calculate the greatest common divisor of 320 and 1131380.
20
Calculate the highest common factor of 4018 and 31192882.
574
What is the greatest common divisor of 3713685 and 30?
15
Calculate the greatest common divisor of 32 and 2414846608.
16
Calculate the greatest common divisor of 17742257 and 21255.
1417
What is the greatest common d